
Let o be (0 - 2/12)*(-22)/22. Let j(p) be the second derivative of -1/3*p**4 + p + 0*p**2 + o*p**3 + 0. Determine j(1).
-3
Let u(m) = -4*m + 1. Let x = -13 - -14. Calculate u(x).
-3
Let g(z) be the first derivative of -z**2/2 + z + 7. Let i(p) = -5*p + 4. Let o(q) = -11*g(q) + 2*i(q). What is o(4)?
1
Suppose 14*v - 10 = 9*v. Let u(t) = -3 + 3*t - 3 - 2 - v*t + t**2. Calculate u(0).
-8
Let y(q) = q. Suppose 5*o = 4*c + 35, c - 4*o = 2*c - 7. Give y(c).
-5
Let q(s) be the second derivative of -s**4/12 - s**3/2 + s**2/2 + 10*s. Let f = -7 + 3. Determine q(f).
-3
Let y(j) be the second derivative of j**4/24 - 7*j**3/6 + 5*j**2/2 - j. Let p(a) be the first derivative of y(a). Determine p(6).
-1
Let l(r) = r**3 - 3*r**2 + r - 3. Let k(o) = o**2 + 10*o - 8. Let b be k(-11). Calculate l(b).
0
Let o(z) = 2*z**2 - 5*z - 3. Suppose -4*q = q + p - 14, 4*p - 11 = -5*q. Suppose 4*x + q*m - 7 = -0*x, -10 = -x + 2*m. Calculate o(x).
9
Let i(l) = -l + 2. Let t be i(6). Let q(r) = -5*r**3 + 3*r**2 + 3*r - 6. Let s(p) = -p**3 + p**2 + p - 1. Let n(j) = t*s(j) + q(j). Calculate n(-2).
4
Suppose 9 = 2*a - 1. Suppose -a*t - 5 = -0. Let d(n) = 4*n**3 - 4*n**2 - 4*n + 3. Let i(r) = r**2 + r - 1. Let z(b) = -d(b) - 4*i(b). Calculate z(t).
5
Let p(h) = -739*h**2 - h - h**3 + 6 - 2*h + 744*h**2. Determine p(5).
-9
Let n(y) = -17*y**3 + 16*y**3 + y - 4*y**2 + 2*y**2. Determine n(-2).
-2
Suppose 0 = 2*z - z - 4. Let w(d) = -d + 5. What is w(z)?
1
Suppose -4*l + 8*l = 4. Let m(w) = 2*w**2 - 4*w**2 - l - 3 + 1 - w**3 + 3*w. Suppose 3*z + 14 = -0*z - 5*q, 5*q = 3*z + 4. What is m(z)?
-3
Suppose -t = 7*n - 3*n + 3, 2*n - 3*t + 19 = 0. Let p = -3 - n. Let q(k) = -2*k**2 + k. Calculate q(p).
-3
Let v(d) be the first derivative of -d**4/4 + 2*d**3 - 8*d - 74. Let u(q) = -q + 12. Let x be u(6). Give v(x).
-8
Let o(k) be the first derivative of -1/2*k**2 + k - 4 - 2/3*k**3. What is o(2)?
-9
Suppose -5*c = -4*z - 0*c + 6, 2*z = 2*c + 4. Let m(v) be the first derivative of 1/3*v**3 + 3*v - 3/2*v**2 - 1. Determine m(z).
7
Let o(c) be the third derivative of c**5/60 - 5*c**4/12 + c**3 - 12*c**2 - 3. Calculate o(11).
17
Let f(k) = 4*k**3 + 8 - 5*k**3 - 6. Give f(2).
-6
Suppose z = -3*z + 4. Let g(r) = 2 - 6 - z + 3*r - 3. Calculate g(6).
10
Let u(d) = 2 + d**3 - 3*d + 0*d**3 + 5*d**2 + 6*d + 0*d. Give u(-4).
6
Let w = 81 - 79. Let m(u) = -u**3 + 2*u**2 - 2*u. Calculate m(w).
-4
Let o = 17 - 15. Let c(l) = 0*l**o - l**3 - 7 - 5*l**2 - l**2. Give c(-6).
-7
Let g be ((-368)/24)/((-4)/6). Let t(c) = g - 8*c**2 + c - 23. Calculate t(-1).
-9
Let z(u) be the second derivative of u**4/12 - 2*u**3/3 - 11*u. Determine z(4).
0
Let j be (-1)/(-3) + (-14)/(-3). Let y(h) be the second derivative of -h**4/12 + h**3/2 + 7*h**2/2 + 8*h. Give y(j).
-3
Suppose 17*t - 60 = 5*t. Let o(u) = -u**3 + 4*u**2 + 6*u + 4. Determine o(t).
9
Let w(k) be the second derivative of k**4/12 + k**3/6 - 3*k**2 + 65*k. Let q be (0/2)/(2 + -3). Calculate w(q).
-6
Let n(f) = f - 1. Let j be n(6). Let y(z) = z**2 - 3*z - 5. Give y(j).
5
Let h(m) = 47*m**2 - 46*m**2 - m + 1 - 3 - m**3. What is h(2)?
-8
Suppose -3*w + 9 = 0, j - 3*j - 2*w - 4 = 0. Let m(g) be the first derivative of -g - 1/2*g**2 + 2. Determine m(j).
4
Suppose 0 = q + 4*f + 11, -2*q + f - 2 = -7. Let o(x) = x**2 + 1. Determine o(q).
2
Let l(x) = -4*x**3 + x**2 + 2*x + 1. Suppose -5*f + 4*n + 0*n - 9 = 0, 0 = 3*f - 2*n + 5. Determine l(f).
4
Let b(y) = -3*y**2 + 4*y + 4. Let r(t) = -4*t**2 + 5*t + 5. Let p(m) = -5*b(m) + 4*r(m). Give p(0).
0
Let w(a) = 5*a + 3 - 4*a + 3. Give w(0).
6
Let n(g) = -8*g**2 + 1. Suppose 37 = 3*k + 3*i + 4, 2*k + 3*i - 18 = 0. Let p = k + -14. Calculate n(p).
-7
Let i(f) = f**2 + 2*f + 3. Let x(y) = -y**2 - 5*y - 6. Let c(d) = -5*i(d) - 3*x(d). Suppose -3*o + 3 = -18. Let r = o + -3. Determine c(r).
-9
Suppose -12 = -4*r - w, 3*w = 2*w + 4. Let c(y) = -3*y**2 + 3*y + 1. Let h(q) = 4*q**2 - 3*q - 2. Let u(j) = 3*c(j) + 2*h(j). Determine u(r).
1
Let v(n) = 2*n**3 + 4*n**2 + n - 4. Let t be v(-2). Let y(f) = 2*f + 2. Calculate y(t).
-10
Let m(g) = -g - 1 - g**3 - 2 + 2*g**2 + 5*g**2 + 11. Give m(7).
1
Let l(k) = -2*k - 1. Let x = 7 - 4. Let g(d) = -d**3 + 4*d**2 + 3*d. Let j be g(4). Suppose -q - x*q = j. Calculate l(q).
5
Let r be 0 - (-3)/((-6)/(-8)). Let v(c) = 9*c**3 - c**2 - 2*c + 3. Let z(h) = -18*h**3 + 2*h**2 + 5*h - 7. Let q(i) = r*z(i) + 9*v(i). Determine q(1).
9
Let m(b) be the third derivative of -b**5/60 - 7*b**4/24 - 3*b**3/2 + b**2. Suppose -4*s - 3*k = 117, k + 0 = -3. Let g = s - -21. What is m(g)?
-3
Suppose 0 = -4*k + 4*d - 28, 0 = d + 3*d - 4. Let t be ((-16)/(-20))/((-6)/(-45)). Let h(z) = -4*z**2 + z**2 + t*z - 1 + 4*z**2. Determine h(k).
-1
Let v(o) = 1 + o**2 - 4*o**2 - 2*o**2. Suppose -10 = -3*z + z. Suppose 3*n - 4 - 1 = 2*l, l - z*n + 6 = 0. Determine v(l).
-4
Let r(o) = -o**2 + 7*o - 5. Let q = 4 - 3. Let j be q*15/((-3)/(-1)). Suppose y - 6*y = j*k - 35, 3*k + 3 = y. Give r(y).
1
Suppose -6*a - 1 = -5*a. Let g(z) be the first derivative of -7*z**2/2 + z + 4. Determine g(a).
8
Let w(f) = f + 4. Let q be w(-6). Let i be (0 - -2)/(q - -4). Let g be (i + 12/(-9))*0. Let r(c) = -c**2 - 1. What is r(g)?
-1
Let b(m) = m - 3. Let s = 42 + -37. Give b(s).
2
Let c(t) = -3*t**2 - 2. Let i(b) = -b + 5. Let k be i(5). Let l be k + (-1)/(1/(-2)). Determine c(l).
-14
Let b(s) = -s**2 - s + 1. Let m = 18 + -20. Let v be b(m). Let f(g) = -2*g. Determine f(v).
2
Suppose -5*n = 2*h + 6 + 23, 3*h = -6. Let j(y) be the second derivative of -y**3/6 - 2*y**2 + 3*y. What is j(n)?
1
Let c be (-8)/(-6)*9/6. Suppose -4 = -t + c. Let y(r) = r**3 - 6*r**2 - r - 4. Calculate y(t).
-10
Let w(l) = -4*l. Let t(j) be the first derivative of -j**4/4 + 10*j**3/3 - 4*j**2 - 9*j - 1. Let d be t(9). Suppose 5 = 5*a - d*a. Determine w(a).
-4
Let t(g) = -g**3 + g**2 + g + 4. Let b be 3/6*0/(-1). What is t(b)?
4
Suppose 4*n - 5*r = -6*r + 7, 4*n - 27 = 3*r. Suppose -n*m = -2*m - 2. Let h(v) = -v + m*v + 0*v - 7. Calculate h(4).
-3
Let h = -1 - -1. Suppose 2*u - 4 = -h. Let a(c) be the second derivative of c**3/2 + c**2/2 + c. What is a(u)?
7
Let w(d) = -d**3 - d - 1. Let a(v) = -2*v**3 - 2*v**2 - 2. Let i(f) = a(f) - w(f). Calculate i(-2).
-3
Let o(t) = -t**3 - 6*t**2 - 4*t. Let b(r) = r**2 + r - 1. Let f(n) = -2*b(n) - o(n). Calculate f(-4).
-6
Let q be 5/(-10) + 21/(-6). Let r(y) = -3*y. What is r(q)?
12
Let u = -16 - -20. Suppose -u*c = 1 + 15. Let i(r) = -r**2 - 2*r. Let j(b) = -b**2 - 2*b - 1. Let s(v) = -3*i(v) + 2*j(v). Calculate s(c).
6
Let j be -1 + (-3)/(9/(-123)). Let d be 2/(-3) - j/12. Let n(y) = y**3 - 4*y + 2*y + y + 6*y**2 - 1 - 2*y**2. What is n(d)?
3
Let w(a) = -a**3 + 2*a**2 + 2*a - 1. Let u = 1 + 2. Suppose -2*y = -3*y + u. Calculate w(y).
-4
Suppose -5*q - 15 = 3*f, 0 = -2*f + f - 4*q - 12. Let x(s) = -s + 14. Give x(f).
14
Let j(r) = r**2 - 2*r - 3. Let m(s) = s**2 + 2*s + 7. Let a(x) = 3*x + 7. Let y(d) = 3*a(d) - 2*m(d). Let n(z) = -5*j(z) - 2*y(z). What is n(-1)?
0
Suppose -13*j = -8*j - 15. Let c(l) = l**2 - 3*l + 3. Determine c(j).
3
Let u be 3/(-1)*8/(-12). Let x(k) = 2*k - 4 - 1 + u. Suppose 14 = 5*v + 4. Give x(v).
1
Let q(t) = -7*t + 12*t - 4*t - 5. Determine q(0).
-5
Let v(w) = -1 - 1 + w - 3 + 0. What is v(7)?
2
Let i(o) = o**2 + 10*o - 2. Let u = -26 - -17. Let k be i(u). Let m be 2/9 + k/9. Let j(r) = 6*r**2 + r. Determine j(m).
5
Let x(f) = 1 + 18*f - 2 - 15*f. Calculate x(-1).
-4
Let o(l) be the second derivative of l**4/12 - 4*l**3/3 + 3*l**2 - 14*l. What is o(6)?
-6
Let l(p) = -4*p + 9*p + 7 - 4. What is l(-2)?
-7
Let m(a) be the first derivative of -5*a**2/2 - a - 3. Suppose -1 + 2 = -o. Give m(o).
4
Let f(a) = -4*a - 2. Suppose 4*d + 12 = 2*c, -2*d = -4*c - d - 4. What is f(c)?
6
Let w be (-1)/(-2) - (-2)/4. Let d(h) = -9*h**3 + 2*h**2 - 3. Let g(y) = y**3 - y**2 + 1. Let z(s) = d(s) + 2*g(s). Give z(w).
-8
Suppose 25 = 5*p, 3*v + 3*p = -46 + 67. Let a(z) be the third derivative of z**5/60 - z**4/24 - z**3/6 - z**2. Determine a(v).
1
Let u(a) = -a**2 + a**3 - 13 + 13 + a. Determine u(2).
6
Let u(j) be the second derivative of 0 + 1/6*j**3 + 5*j**2 + 3*j. What is u(-5)?
5
Suppose -12*o - 5 + 89 = 0. Let z(y) = -y**3 + 7*y**2 + 4. Calculate z(o).
4
Let s(y) be the first derivative of y**2 + 9*y + 4. Let b 